0).
7
Let w(j) be the first derivative of -5/2*j**2 + 0*j**4 + 1/3*j**3 - 1/60*j**5 + 2 + 0*j. Let z(a) be the second derivative of w(a). Determine z(0).
2
Let p(c) = c**3 - 5*c**2 - 6*c + 4. Let l be p(6). Let j be (-6*(-10)/180)/(1/21). Suppose -t = 3*y, -j*y + 3*y = l*t. Let r(s) = -s + 5. Calculate r(y).
5
Let d(o) = -3*o + 3. Let i be d(3). Suppose -p + x = 8, -5*p + 2*x - 28 - 3 = 0. Let c = p - i. Let m(q) = 9*q**2 - q. Determine m(c).
8
Let v(m) = 17*m + 4. Let a(c) = -18*c - 5. Let w(y) = 3*a(y) + 4*v(y). Suppose 15*l - 25 = 10*l. Let j(x) = -x**2 + 4*x + 6. Let t be j(l). Give w(t).
15
Let i(w) = -w**3 + 5*w**2 - 4*w. Let j(p) = 5*p**3 - 25*p**2 + 20*p + 1. Let v(b) = 11*i(b) + 2*j(b). Calculate v(3).
8
Let u(l) = 5*l**2 + 3*l + 4. Let i(n) = 5*n - 3*n + 2*n**2 - 39 + 41. Let t(b) = -7*i(b) + 3*u(b). What is t(6)?
4
Let d(q) = -139*q**3 - 3*q**2 - 2*q + 7*q + 2 + 3*q + 140*q**3 + 12*q**2. Give d(-7).
44
Suppose 57 = 17*q + 261. Let n(k) = -k**2 - 8*k + 25. Calculate n(q).
-23
Suppose -5*v + 15 + 5 = 0. Suppose v*u + u = 0. Let y(r) be the third derivative of r**4/24 + 7*r**3/6 + 2*r**2 - 1. Give y(u).
7
Let k(o) = -o**2 + 5*o + 2. Let r be k(5). Let q(m) = m**r + 4 + m**2 - 11 - m**2. Suppose 0 + 0 = -12*y. What is q(y)?
-7
Let f(u) = -u**2 + u + 4. Let q(h) = h**3 - 3*h - 2. Let x be q(-2). Let z be ((-36)/(-3))/(-3) - x. Give f(z).
4
Let m(l) = 20*l**3 + l**2 - 2*l + 1. Let h = 24 + -23. Give m(h).
20
Suppose 2*j = 3*f + 6*j - 16, -2*f - 4*j = -12. Let h(o) be the third derivative of o**2 - 3/8*o**4 + 1/60*o**5 + 1/2*o**3 + 0 + 0*o. What is h(f)?
-17
Suppose -2*r = -5*b + 20, -3*b - 5*r = b + 17. Let n(i) = 4*i - 4*i - b*i**2 + 3*i + i**2. What is n(4)?
-4
Let y(q) = q**2 + 2*q + 1. Suppose -8*v - 22 = -14. Let l(h) = 6*h**2 + 12*h + 8. Let s(t) = v*l(t) + 8*y(t). Suppose -12 = 2*r + 2*r. Give s(r).
6
Let b(p) = p**3 + 662 + 666 + p - 1329 - 3*p**2. Determine b(3).
2
Let k be (-2*(-1 - 0))/1. Let u be (-6)/9*-9 - 2/(-2). Let b be (4*u/(-2))/k. Let v(o) = o + 6. Determine v(b).
-1
Let s(z) = -z. Suppose -30*c = -34*c - 5*k + 23, -4*c + 4*k = -32. Give s(c).
-7
Let k(z) = 3*z**2 + 12*z - 2. Let j(b) = -2*b**2 - 3*b + 1. Let c(w) = 4*j(w) + k(w). Calculate c(-2).
-18
Let m = -525 + 525. Let w(u) = -u**3 + u**2 - 2*u + 10. Determine w(m).
10
Let t(v) = 2*v - 1. Let m = -3 - -6. Suppose -4*o - 2 = m*y, 3*y + o = 5 - 1. Calculate t(y).
3
Let t(v) = -6*v + 12. Let w(m) = -5*m + 8. Let j(a) = 4*t(a) - 5*w(a). What is j(0)?
8
Let v(m) = 615 - 4*m + m - 619 + m**3 - 2*m**2. Let n(s) = s**2 + 6*s + 4. Let w be n(-6). Give v(w).
16
Suppose 5*n = k + 4, 4*k + 3*n - 5 - 94 = 0. Suppose 3*m - k = -5*d, 2*m - 3*m = 2*d - 8. Let c(l) = -31*l - l**3 - 2 + 20*l + 2*l**2 + 15*l. Determine c(d).
1
Let l(s) = s**2 + 8*s - 8. Let p be l(-9). Let z = -15 - p. Let y = -10 - z. Let u(j) = -j. Give u(y).
-6
Let s = 4 + -3. Let g(a) = 1. Let o(j) = j + 8. Let t(n) = s*o(n) - 2*g(n). Let b be (12/15)/(4/(-30)). What is t(b)?
0
Suppose 21 = 3*l + o, o - 6*o = -15. Let q(w) = -w**3 - w - 1. Let u be 5/(-2) - 9/(-6). Let y(i) = 6*i**2 + i + 1. Let p(c) = u*y(c) - q(c). What is p(l)?
0
Let t(b) be the first derivative of 22 + 3/2*b**2 - b. Let x be 4 + -1 - (2 + -3). Determine t(x).
11
Let v = 207 + -200. Let c(u) be the first derivative of -v + 2*u + 1/2*u**2. What is c(-3)?
-1
Let h(x) = x**3 - 5*x**2 + x - 9. Suppose -6*w + 150 = 24*w. Give h(w).
-4
Let b(m) be the first derivative of -m**4/4 + 5*m**3/3 + 3*m**2/2 + 3*m + 46. Let a(l) = 2*l. Let t be a(-1). Let w be t/12 + 111/18. What is b(w)?
-15
Let n(i) = 4*i - 15. Suppose 56 - 1 = 11*k. What is n(k)?
5
Let f(q) = -q**2 + 15*q - 7. Let y = -392 - -405. Calculate f(y).
19
Let y(a) = -3 + 15*a**2 + 5*a - 17*a**2 - 9*a. Determine y(-3).
-9
Suppose -159 = -37*v + 100. Let i(m) = 15*m + 6 - m**3 + 7*m**2 + 0*m**2 - 16*m. Determine i(v).
-1
Let j(a) be the first derivative of -a**4/12 - a**3/2 - 5*a**2/2 - 9*a + 8. Let q(r) be the first derivative of j(r). Let s = -13 - -9. Calculate q(s).
-9
Let l(o) = -2*o**2 + 34*o + 2 + 4 - 7 + 8 - 6. What is l(17)?
1
Suppose 5*o - 7 = 3. Suppose s - 5 = o*s - v, -2*s + v - 5 = 0. Let x(u) = -5*u + 2*u - 3173 + 4*u + 3181 + 0*u. What is x(s)?
8
Suppose -3*o = 5*y - 14 - 4, 2*y - 30 = -5*o. Let q(g) = -4*g - 2*g + o*g - 2*g. Determine q(1).
-2
Suppose 0 = 3*a + 9, 4*f - 5*a = -5 - 8. Let z(w) = -w - 4. Calculate z(f).
3
Let m(i) be the second derivative of 1/2*i**3 + 0 - 2*i - i**2. Determine m(7).
19
Let m = 4 - 6. Let a(w) = -6*w**2 - 5*w - 5. Let j(h) = 7*h**2 + 6*h + 6. Let p(q) = -4*a(q) - 3*j(q). What is p(m)?
10
Let a(t) = -46 + 44*t - 11*t - 19*t - 20*t + 18. Give a(-7).
14
Suppose 0 = u - 2*l - 9, 0 = 5*u - 7*l + 5*l - 5. Let k(t) = -2*t - 2. Let y(s) = -3*s - 3. Let c(h) = -7*k(h) + 5*y(h). Give c(u).
0
Let t(q) = 66*q - 18. Let h(n) = 115*n - 37. Let a(g) = -4*h(g) + 7*t(g). Calculate a(-9).
4
Suppose -q = -0*q + 3*w - 17, 0 = 3*q + 4*w - 26. Let x(s) = -s**2 + 2. Let v be x(q). Let u be (-5 + 7)*(-5)/v. Let i(g) = g**2 - 8*g. What is i(u)?
-15
Let i(w) = -w - 11. Let p(f) = f**3 - 13*f**2 - 18*f + 223. Let v be p(13). Calculate i(v).
0
Let x(m) = -4*m**2 + 408*m - 406*m + 5*m**2 - 3. Calculate x(3).
12
Let c(y) be the first derivative of y**5/20 - y**4 - y**3/6 + 15*y**2/2 - 11*y - 13. Let q(w) be the first derivative of c(w). Determine q(12).
3
Let d(z) be the second derivative of 0 - 1/120*z**5 - 1/4*z**4 + 0*z**2 + 4*z + 1/2*z**3 - 1/360*z**6. Let p(u) be the second derivative of d(u). What is p(0)?
-6
Let o = 18 - 26. Let p(c) be the third derivative of 7/6*c**3 + 1/60*c**5 - 18*c**2 + 1/3*c**4 + 0 + 0*c. Calculate p(o).
7
Let n(j) = -j**2 + 18*j - 45. Let d be n(15). Let g(k) be the third derivative of 0*k**4 - 1/60*k**5 + 0 + 0*k + d*k**3 - 6*k**2 + 1/24*k**6. What is g(-1)?
-6
Let a = 1803 + -1807. Let j(x) = 4*x + 8. Give j(a).
-8
Let y(g) = g**2 - 8*g. Let c(b) = 5*b**3 + 2*b**2 - b + 3. Let r(u) = 11*u**3 + 3*u**2 - u + 5. Let m(h) = -5*c(h) + 3*r(h). Let a be m(1). Give y(a).
9
Let g(p) = p**2 + 10*p + 55 + 54 - 122. Suppose 26*q + 201 + 85 = 0. Give g(q).
-2
Let a(s) = s + 9. Let p be a(10). Suppose p = 2*y + 15. Let c(f) = f**3 - f**2 + 2. Determine c(y).
6
Let q(z) be the second derivative of 2*z**3/3 - 37*z**2/2 - 5*z - 4. What is q(11)?
7
Let h be -119*(-3)/18 - 9/(-54). Suppose 14 = k + h. Let u(f) = f**3 + 6*f**2 + 3*f + 4. Calculate u(k).
-14
Let z(l) = 4*l. Let x = 44 + -37. Let n(i) = -i**2 + 8*i - 6. Let o be n(x). Give z(o).
4
Let y be 40/(-15) - (-290)/30. Suppose -3*w = w - 8. Let n(t) = -8*t - t**3 + 3*t + 8*t**w - 9 - 1. Determine n(y).
4
Let f(w) = 7*w**3 - w**2. Suppose 2*t = -g + 19 - 2, 0 = -4*t + 3*g + 49. Suppose -3*l = h - 6 + 1, -7 = -4*h + l. Suppose t = h*k + 12. Calculate f(k).
-8
Let s = 33 + -32. Let u(t) = -s - 2 - 3 + t. Calculate u(8).
2
Let n(b) = 8*b**2 + 49*b - 34. Let j(a) = -3*a**2 - 18*a + 11. Let o(u) = 11*j(u) + 4*n(u). Give o(0).
-15
Suppose -10*w = -27*w. Let j(d) = -d**3 + d - 4. What is j(w)?
-4
Let g(h) = h**2 + 6. Let m(l) = -l + 5. Let p be m(5). Let x = p + -4. Let w = x + 4. Determine g(w).
6
Let k(u) = -u**3 - 9*u**2 - 6*u + 5. Let x = 525 - 533. Determine k(x).
-11
Let r(q) be the third derivative of q**5/60 + q**4/12 - 5*q**3/2 - 2*q**2 - 13. What is r(-5)?
0
Let a(w) = -w**3 + 18*w**2 - 32*w. Let k be a(16). Suppose 5*h = -3*v + 18 + 21, 2*h = -6. Suppose 6*n + 0*n + v = k. Let o(j) = -4*j - 3. Determine o(n).
9
Let p(n) = -n**2 + 4*n + 1. Let b be p(6). Let u = -18 - b. Let q(l) = 4*l + 11*l + 10*l - 34*l + 2 + 10*l. Determine q(u).
-5
Suppose 5*n = 5*p + 25, -3*p + 6*n - 10 = 4*n. Let z(r) = 0*r + 3 - r**2 + p*r**2 - 4*r + 2*r**2. Give z(5).
8
Let c(o) = -o**2 + 7*o - 8. Suppose 33*h - 34*h + 6 = 0. Suppose -5*r = -2*i - 29, 44 = -r + h*r + 3*i. Determine c(r).
-8
Let a be (11/5 + -1)/(462/(-1540)). Let j(d) = -d**3 - 5*d**2 - 3*d - 5. Give j(a).
-9
Suppose z = 3*z - 14. Let q(a) = 0*a + z + 2*a**2 + a - 3*a**2 + 4*a. Let g = 19 - 14. Determine q(g).
7
Let m(x) = 2*x**3 + 10*x**2 - x + 10. Let d(p) = p**3 + 5*p**2 - p + 6. Let l(q) = 7*d(q) - 4*m(q). Give l(-3).
-7
Let m(s) = -2*s + 1. Let a(i) = -13*i - 5. Let p(h) = -a(h) + 6*m(h). Determine p(-8).
3
Suppose 0 = -c - 0 - 1. Let r be c + 2 + -1